y + 3. Is j(2) composite?
True
Is (2*15/(-12) - -3)*692470 composite?
True
Let y(f) = 24448*f**2 - 14*f - 73. Is y(-4) a prime number?
True
Let o be 1/2 + (-28)/(-8) + -2. Suppose -5 = -5*r + 2*d + 7, -o*d + 2 = 2*r. Is 0*(-5)/(-10) - (-5210)/r prime?
False
Let c be -4 + (3/2)/(3/10). Let m(y) = 2474*y. Is m(c) a composite number?
True
Let l = 232 + -230. Suppose -l*b - 3*b + 62655 = 0. Is b prime?
False
Let w = 90588 - -13363. Is w prime?
True
Suppose -o = 5*g - 45, 5*o + 3*g - 137 = -0*g. Suppose 23*v - 42 = o*v. Is (v/(-9))/(7/21) a prime number?
True
Suppose -3*w = c - 96772, -5*c + 266741 = 4*w - 217097. Is c prime?
False
Suppose 4*f - 1141 + 6733 = 2*t, -t + 4*f + 2806 = 0. Suppose 2*q - 3*i = -t, -2056 = 3*q - 2*i + 2118. Is (q/15)/(4/(-42)) a prime number?
False
Let l be (10 - -196)*1/((-2)/(-191)). Let q = -4122 + l. Is q composite?
False
Suppose -4*g - 45470 = -5*b + 84475, 2*b - g = 51978. Suppose 16*d = 13*d + b. Is d composite?
False
Suppose 11*a = 342 - 78. Suppose a*w - 564930 = 6*w. Is w a prime number?
False
Suppose -4*g = -4*y + 136476, -47*y + 2*g = -43*y - 136484. Is y prime?
True
Let b(t) = 502*t**2 - 6*t + 355. Is b(-13) composite?
True
Suppose -2*u = 3*u + 3*f - 88, -3*f = 4*u - 68. Suppose -u + 16 = n. Is (n - -4 - 573)*1*-1 composite?
True
Let w(f) = -1163*f - 588. Is w(-13) prime?
False
Let b(h) = 3*h - 42. Suppose 0 = -9*q + 76 + 59. Let k be b(q). Suppose 0 = x + k*x - 3884. Is x prime?
True
Let y = 114 - 63. Let h be (y/(-12))/(1/164). Is (-1 - (0 - -86))*h/51 a prime number?
False
Let s(q) be the third derivative of -9*q**5/20 + q**4/6 + 49*q**3/6 + 31*q**2. Let w be s(-11). Let u = w - -5595. Is u a prime number?
True
Let u = 9320 + 33843. Is u composite?
True
Let i(z) = -825*z - 223. Let k be i(-19). Let m = k + -9205. Is m composite?
False
Suppose -8*x = x - 27. Is (-45 + 58386)/(x - 1 - -1) a composite number?
False
Let a be 22 + -5 + -4 + -9. Suppose a*y = 5*j - 10525, 5*j + 4*y - 10485 = -0*y. Is j a prime number?
False
Is (-833308)/(-98) + 6 - 3/21 composite?
True
Suppose 0 = -4*t + 4*i + 48276, 0 = -15*t + 17*t + 4*i - 24150. Is t composite?
False
Suppose 3*m + 3*w = 6, -6*w + 4 = -5*m - 4*w. Suppose 5*r - 3206 - 3750 = -3*n, -2*n - 4*r + 4638 = m. Is n composite?
True
Let n = 545 + -488. Suppose -53*f + n*f = 43324. Is f composite?
False
Let b(z) = -z + 1. Let w(p) = -8. Let c(l) = -2*b(l) + w(l). Let g be c(6). Let h = g + 113. Is h prime?
False
Let r = 861 + -850. Suppose 0 = -3*g - 15, 12*c - 26946 = r*c + g. Is c a composite number?
True
Let f = 1305 + -2393. Let q = f - -9189. Is q a prime number?
True
Suppose 5*x - b = 12, 5*x - 4*b = 2*x + 14. Suppose 3*y = x*g + 4*y - 8863, -5*g - 3*y = -22160. Is g a composite number?
True
Suppose -13*v - 4*k = -15*v + 2040574, 3*v = 4*k + 3060845. Is v a composite number?
True
Let l(v) = -v - 8. Suppose -4*x - 25 = -3*n, 5*x + 3*n = -2*n - 5. Let f be l(x). Is 8/(-4)*3922/f a composite number?
True
Suppose -174 = t - 58. Let f = 631 + t. Is f prime?
False
Suppose 17967 = -7*k - 63*k + 4993777. Is k a prime number?
False
Let d(w) = w**3 - 21*w**2 + 3*w - 63. Let j be d(21). Let t be 0*6/36 + (0 - j). Suppose t = -10*u + 11*u - 1709. Is u a prime number?
True
Let u(l) = 7*l**2 - 202*l + 19. Is u(54) a composite number?
True
Let g(a) = -72*a**3 - 5*a**2 + 3*a + 2. Let x be g(3). Let i = -1396 - x. Suppose 3*r - 2*f - 1785 = -124, -r = 5*f - i. Is r a prime number?
True
Suppose -2*j - 29610 = 4*z, 9 = 17*z - 20*z. Let g = 30728 + j. Is g prime?
False
Let c = 263 - 270. Let p(d) = -27*d**3 - 2*d**2 + 3*d - 33. Is p(c) a composite number?
False
Suppose -3*v = 3*v - 29028. Suppose o - v = 3771. Is o composite?
False
Let j = 155377 - 75626. Is j a composite number?
True
Let d(t) = -2*t - 6. Let c be d(-4). Suppose -2*w + 1504 = c*f, w = -3*f + f + 1503. Is f a composite number?
False
Let v(w) = -8231*w**2 + w. Let s = -52 + 53. Let b be v(s). Let i = -2357 - b. Is i a composite number?
True
Let j(i) = 3182*i + 843. Is j(18) a prime number?
False
Suppose -8*i = -5*i + 4*i. Let k(d) be the third derivative of -d**5/60 + d**4/24 + 251*d**3/2 - 9*d**2. Is k(i) prime?
False
Suppose 1198061 = 2*v + 39*v. Is v composite?
False
Suppose -18*x + 193 = -185. Suppose 2*g + 3*f - 170 = -x, -338 = -4*g + 2*f. Is g a prime number?
False
Let c = 2170 + -2168. Let d(r) be the third derivative of 269*r**5/30 + r**4/12 - 3*r**3/2 - r**2. Is d(c) a prime number?
False
Let r = 184 + -184. Suppose -6*j + 7061 + 9853 = r. Is j prime?
True
Is 64/192*1313706/4*2 a composite number?
True
Let t be 4 + -10 + 6 - 0. Is (-17570)/(-70)*(-1 - (-2 - t)) a composite number?
False
Let l(r) = 3*r**2 - 5*r - 1. Let z be l(2). Let p be 13 + -15 + (2989 - z). Suppose 7*h + p = 8243. Is h a composite number?
False
Let q = 639 - 634. Suppose -3*c - 4*h = -8*c + 50415, -50410 = -q*c + 3*h. Is c a prime number?
True
Let j = 226314 + -122732. Is -2 - (j/(-14) - 22/77) a composite number?
True
Let f = -751 - -753. Suppose -f*d + 27098 = -3*z, 0 = 3*d - 3*z - 6662 - 33979. Is d prime?
False
Is (4236/2471)/(4/245413) composite?
True
Is 100/(-1700) + 6439518/51 a prime number?
False
Let r(k) = -4*k**2 + 19*k + 8. Let b be r(5). Suppose b*p = 5*p - 1756. Is p prime?
False
Is (-13)/39*-63237 - 8 composite?
True
Let y(v) = -388*v + 99. Let z(d) = -d - 2. Let t(m) = y(m) + 3*z(m). Is t(-4) prime?
True
Let l be (1/(-2))/(4/216*-3). Suppose -834 - 219 = -l*d. Let t = 766 - d. Is t composite?
True
Is ((-50)/25)/((-6)/38031) a composite number?
True
Let w = 283 + -252. Suppose -4*o = -2*z + 2206, -3343 = -3*z + 5*o - w. Is z a prime number?
True
Let m(x) = -x**3 - 5*x**2 + 2. Let k be m(-5). Suppose -4*y = 5*q - 3149, -2*y + 2221 = -k*q + 669. Is y a prime number?
False
Suppose -3*q - d + 54754 = -15320, -3*q = 2*d - 70077. Is q a composite number?
False
Let q be (-3)/4 + 225/60. Suppose 2*j + 9242 = 4*j - q*z, 3*j - 13863 = z. Is j composite?
False
Let h be 8/(-32) - 105/(-4). Suppose -h*q - 9*q = -44065. Is q a prime number?
True
Let b(w) = 15545*w**2 - 135*w - 37. Is b(8) composite?
False
Let j = -10203 - -14980. Let r = 1470 + j. Is r composite?
False
Let v = 44 - 46. Let d be (-6)/8*v + 1/2. Suppose 105 = -d*r + 263. Is r a composite number?
False
Let v be 8 + (2 - 9 - -11). Is 10589/((v + -4)/8) a prime number?
True
Let l(a) = -31*a + 4. Let u(z) = z**3 - 8*z**2 + 18*z - 19. Let n be u(6). Suppose 22*j + 5 = n*j. Is l(j) a prime number?
False
Let l(b) = -3136*b + 6. Let x be l(3). Is (4/6)/((-37610)/x + -4) a composite number?
True
Suppose 0 = -11*o + 29 + 26. Suppose 4*f = -4*h + 32156, 3*f - 4*h = o*f - 16086. Is f prime?
False
Suppose 5*d + 2*r = 947947, -45*r + 40*r = -3*d + 568731. Is d a composite number?
True
Let x(d) be the third derivative of 0 - 3*d**2 - 1/12*d**4 + 581/30*d**5 - 1/6*d**3 + 0*d. Is x(-1) prime?
True
Let t(i) = -3*i**3 - 38*i**2 + 25*i + 29. Let k(z) = z**3 + z**2 + 2. Let h be k(-3). Is t(h) a prime number?
False
Is (-7 - 6114)/((2 + -1)*(-7)/7) composite?
False
Let k(x) = 26622*x + 3349. Is k(7) a prime number?
False
Let n(g) = -341*g - 196. Let a(k) = 114*k + 65. Let q(z) = -7*a(z) - 2*n(z). Is q(-14) a prime number?
False
Let g(c) = 563*c**3 - 16*c**2 + 3*c + 403. Is g(11) composite?
False
Let q be -29*(0 + (-6)/6). Suppose q*g = 4*g + 28850. Is g prime?
False
Let k = 396 + -360. Is (-1983)/(-2) - k/(-24) a composite number?
True
Let a = -5511 - -5509. Let f(b) = 4 - 685*b + 3 - 4. Is f(a) a composite number?
False
Let d = -415 - -5532. Suppose p + 4*g = d, -4*p + g + 13139 + 7414 = 0. Is p composite?
True
Let q(z) = -5*z**3 + 6*z**2 + 4*z + 592789. Is q(0) prime?
False
Suppose 0 = -3*q + q - 10, 839 = -w + q. Let a = -497 - w. Let p = 606 - a. Is p a composite number?
True
Let r(z) = 3*z**3 - 3*z**2 - 2*z + 4. Let b be r(2). Let n = 81 - b. Suppose 0 = n*f - 74*f + 1985. Is f a prime number?
True
Let y = 30 - 151. Let p = 123 + y. Is (2164/10)/(-1)*(-5)/p a composite number?
False
Let v be (-32749)/(-4) - (19 - (-3476)/(-176)). Suppose 6654 = -2*g - 0*g. Let h = v + g. Is h a composite number?
False
Suppose 0 = 5*o - 5, -44007 - 3886 = -r + 4*o. Is r a prime number?
False
Is (-3 + 466793)*9/90 a composite number?
False
Suppose 157282454 = -15*n + 113*n. Is n a prime number?
True
Supp